{"id":97950,"date":"2024-07-05T16:54:38","date_gmt":"2024-07-05T14:54:38","guid":{"rendered":"https:\/\/protune.lt\/index.php\/product\/bmw-m-tech-isvaizdos-bamperiu-komplektas-bmw-x5-f15-modeliams\/"},"modified":"2024-09-25T15:37:51","modified_gmt":"2024-09-25T13:37:51","slug":"bmw-m-tech-isvaizdos-bamperiu-komplektas-bmw-x5-f15-modeliams","status":"publish","type":"product","link":"https:\/\/protune.lt\/index.php\/product\/bmw-m-tech-isvaizdos-bamperiu-komplektas-bmw-x5-f15-modeliams\/","title":{"rendered":"BMW M-tech i\u0161vaizdos bamperi\u0173 komplektas BMW X5 F15 modeliams"},"content":{"rendered":"<p>M Sport apdailos komplektas<\/p>\n<p>* Tinka visiems BMW X5 F15 modeliams<br \/>\n* Netinka BMW X6 F16 modeliams<\/p>\n<p>Apdailos komplektas be prie\u0161r\u016bkini\u0173 \u017eibint\u0173.\u00a0Prie\u0161r\u016bkiniai \u017eibintai tinka nuo paprasto buferio.<\/p>\n<p>\u0160\u012f komplekt\u0105 sudaro:<br \/>\n\u2022 Priekinis buferis<br \/>\n\u2022\u00a0Arkos<br \/>\n\u2022 Galinis buferis<br \/>\n\u2022 Duslintuvo antgaliai<br \/>\n\u2022 Slenks\u010di\u0173 komplektas<\/p>\n<p>Technin\u0117 informacija:<br \/>\n\u2022 Apdailos komplektas pagamintas i\u0161 PP plastmas\u0117s<\/p>\n","protected":false},"excerpt":{"rendered":"<p>M Sport apdailos komplektas * Tinka visiems BMW X5 F15 modeliams * Netinka BMW X6 F16 modeliams Apdailos komplektas be prie\u0161r\u016bkini\u0173 \u017eibint\u0173.\u00a0Prie\u0161r\u016bkiniai \u017eibintai tinka nuo paprasto buferio. \u0160\u012f komplekt\u0105 sudaro: \u2022 Priekinis buferis \u2022\u00a0Arkos \u2022 Galinis buferis \u2022 Duslintuvo antgaliai \u2022 Slenks\u010di\u0173 komplektas Technin\u0117 informacija: \u2022 Apdailos komplektas pagamintas i\u0161 PP plastmas\u0117s<\/p>\n","protected":false},"featured_media":97946,"comment_status":"open","ping_status":"closed","template":"","meta":[],"product_brand":[],"product_cat":[2954,2932,2966],"product_tag":[],"class_list":{"0":"post-97950","1":"product","2":"type-product","3":"status-publish","4":"has-post-thumbnail","6":"product_cat-bmw","7":"product_cat-bodykit","8":"product_cat-x5-f15-14-18","9":"pa_make-bmw","10":"pa_make-x5-f15","12":"first","13":"instock","14":"taxable","15":"shipping-taxable","16":"purchasable","17":"product-type-simple"},"jetpack_sharing_enabled":true,"_links":{"self":[{"href":"https:\/\/protune.lt\/index.php\/wp-json\/wp\/v2\/product\/97950","targetHints":{"allow":["GET"]}}],"collection":[{"href":"https:\/\/protune.lt\/index.php\/wp-json\/wp\/v2\/product"}],"about":[{"href":"https:\/\/protune.lt\/index.php\/wp-json\/wp\/v2\/types\/product"}],"replies":[{"embeddable":true,"href":"https:\/\/protune.lt\/index.php\/wp-json\/wp\/v2\/comments?post=97950"}],"wp:featuredmedia":[{"embeddable":true,"href":"https:\/\/protune.lt\/index.php\/wp-json\/wp\/v2\/media\/97946"}],"wp:attachment":[{"href":"https:\/\/protune.lt\/index.php\/wp-json\/wp\/v2\/media?parent=97950"}],"wp:term":[{"taxonomy":"product_brand","embeddable":true,"href":"https:\/\/protune.lt\/index.php\/wp-json\/wp\/v2\/product_brand?post=97950"},{"taxonomy":"product_cat","embeddable":true,"href":"https:\/\/protune.lt\/index.php\/wp-json\/wp\/v2\/product_cat?post=97950"},{"taxonomy":"product_tag","embeddable":true,"href":"https:\/\/protune.lt\/index.php\/wp-json\/wp\/v2\/product_tag?post=97950"}],"curies":[{"name":"wp","href":"https:\/\/api.w.org\/{rel}","templated":true}]}}