{"id":98805,"date":"2024-09-25T15:57:00","date_gmt":"2024-09-25T13:57:00","guid":{"rendered":"https:\/\/protune.lt\/index.php\/product\/m3-look-apdailos-komplektas-bmw-3-f30-11-15-priekis-galas-su-pcd-su-priesrukiniu-zibintu-skylemis\/"},"modified":"2025-11-19T16:57:37","modified_gmt":"2025-11-19T14:57:37","slug":"m3-look-apdailos-komplektas-bmw-3-f30-11-15-priekis-galas-su-pcd-su-priesrukiniu-zibintu-skylemis","status":"publish","type":"product","link":"https:\/\/protune.lt\/index.php\/product\/m3-look-apdailos-komplektas-bmw-3-f30-11-15-priekis-galas-su-pcd-su-priesrukiniu-zibintu-skylemis\/","title":{"rendered":"M3 Look Apdailos komplektas BMW 3 F30 11-15 (priekis+ galas su PCD) su prie\u0161r\u016bkini\u0173 \u017eibint\u0173 skyl\u0117mis"},"content":{"rendered":"<p>M3 look apdailos komplektas.<\/p>\n<p>Priekinis Buferis su skyl\u0117mis ir dangteliais \u017eibint\u0173 apiplovimui ir su skyl\u0117mis parkavimo (PDC) sensoriams. \u0160onin\u0117s grotel\u0117s skirtos su prie\u0161r\u016bkiniai \u017eibintais<\/p>\n<p>Galinis bamperis su parktronik\u0173 skyl\u0117mis<\/p>\n<p>Tinka:<\/p>\n<p>BMW 3 F30 sedanui;<\/p>\n<p>Netinka:<\/p>\n<p>BMW 3 F31 universalui ; Netinka BMW M3 F80 modeliams<\/p>\n<p>\u0160\u012f komplekt\u0105 sudaro:<\/p>\n<p>Komplekt\u0105 sudaro: priekinis bamperis, abu slenks\u010diai, galinis bamperis.<\/p>\n<p>Sud\u0117tis: auk\u0161tos kokyb\u0117s PP (originali\u0173 bamperi\u0173 plastmas\u0117);<\/p>\n<p>Dalys neda\u017eytos; Gamyklinis plastiko atspalvis kartais gali skirtis nuo vaizduojam\u0173;<\/p>\n<p>Apdailos komplektas neoriginalus<\/p>\n","protected":false},"excerpt":{"rendered":"<p>M3 look apdailos komplektas. Priekinis Buferis su skyl\u0117mis ir dangteliais \u017eibint\u0173 apiplovimui ir su skyl\u0117mis parkavimo (PDC) sensoriams. \u0160onin\u0117s grotel\u0117s skirtos su prie\u0161r\u016bkiniai \u017eibintais Galinis bamperis su parktronik\u0173 skyl\u0117mis Tinka: BMW 3 F30 sedanui; Netinka: BMW 3 F31 universalui ; Netinka BMW M3 F80 modeliams \u0160\u012f komplekt\u0105 sudaro: Komplekt\u0105 sudaro: priekinis bamperis, abu slenks\u010diai, galinis<\/p>\n<div class=\"klb-readmore button\"><a class=\"btn link\" href=\"https:\/\/protune.lt\/index.php\/product\/m3-look-apdailos-komplektas-bmw-3-f30-11-15-priekis-galas-su-pcd-su-priesrukiniu-zibintu-skylemis\/\">Read More <i class=\"klbth-icon-right-arrow\"><\/i><\/a><\/div>\n","protected":false},"featured_media":97924,"comment_status":"open","ping_status":"closed","template":"","meta":[],"product_brand":[],"product_cat":[2960,2954,2932],"product_tag":[],"class_list":{"0":"post-98805","1":"product","2":"type-product","3":"status-publish","4":"has-post-thumbnail","6":"product_cat-3-f30-f31-13-18","7":"product_cat-bmw","8":"product_cat-bodykit","9":"pa_make-3-f30-2","10":"pa_make-bmw","12":"first","13":"instock","14":"sale","15":"taxable","16":"shipping-taxable","17":"purchasable","18":"product-type-simple"},"jetpack_sharing_enabled":true,"_links":{"self":[{"href":"https:\/\/protune.lt\/index.php\/wp-json\/wp\/v2\/product\/98805","targetHints":{"allow":["GET"]}}],"collection":[{"href":"https:\/\/protune.lt\/index.php\/wp-json\/wp\/v2\/product"}],"about":[{"href":"https:\/\/protune.lt\/index.php\/wp-json\/wp\/v2\/types\/product"}],"replies":[{"embeddable":true,"href":"https:\/\/protune.lt\/index.php\/wp-json\/wp\/v2\/comments?post=98805"}],"wp:featuredmedia":[{"embeddable":true,"href":"https:\/\/protune.lt\/index.php\/wp-json\/wp\/v2\/media\/97924"}],"wp:attachment":[{"href":"https:\/\/protune.lt\/index.php\/wp-json\/wp\/v2\/media?parent=98805"}],"wp:term":[{"taxonomy":"product_brand","embeddable":true,"href":"https:\/\/protune.lt\/index.php\/wp-json\/wp\/v2\/product_brand?post=98805"},{"taxonomy":"product_cat","embeddable":true,"href":"https:\/\/protune.lt\/index.php\/wp-json\/wp\/v2\/product_cat?post=98805"},{"taxonomy":"product_tag","embeddable":true,"href":"https:\/\/protune.lt\/index.php\/wp-json\/wp\/v2\/product_tag?post=98805"}],"curies":[{"name":"wp","href":"https:\/\/api.w.org\/{rel}","templated":true}]}}